{"id":694,"date":"2012-07-28T22:51:39","date_gmt":"2012-07-28T20:51:39","guid":{"rendered":"http:\/\/www.tarnowschule.de\/blog\/?page_id=694"},"modified":"2024-12-20T07:54:33","modified_gmt":"2024-12-20T06:54:33","slug":"medienprojekte","status":"publish","type":"page","link":"http:\/\/www.tarnowschule.de\/blog\/medienprojekte\/","title":{"rendered":"Medienprojekte"},"content":{"rendered":"\n<p><strong><mark style=\"background-color:var(--ast-global-color-4)\" class=\"has-inline-color has-ast-global-color-0-color\">2024\/2025<\/mark><\/strong><\/p>\n\n\n\n<p><strong>Der 2. Schulpodcast<\/strong><\/p>\n\n\n\n<figure class=\"wp-block-audio\"><audio controls src=\"http:\/\/www.tarnowschule.de\/blog\/wp-content\/uploads\/2024\/12\/Podcast_Weihnachten-2.mp3\"><\/audio><\/figure>\n\n\n\n<div data-wp-interactive=\"core\/file\" class=\"wp-block-file\"><object data-wp-bind--hidden=\"!state.hasPdfPreview\" hidden class=\"wp-block-file__embed\" data=\"https:\/\/www.tarnowschule.de\/blog\/wp-content\/uploads\/2024\/12\/Deans_Schokowolken-2.pdf\" type=\"application\/pdf\" style=\"width:100%;height:600px\" aria-label=\"Einbettung von Deans_Schokowolken.\"><\/object><a id=\"wp-block-file--media-76d6385c-4abb-4a97-8017-fcef196df052\" href=\"https:\/\/www.tarnowschule.de\/blog\/wp-content\/uploads\/2024\/12\/Deans_Schokowolken-2.pdf\">Deans_Schokowolken<\/a><a href=\"https:\/\/www.tarnowschule.de\/blog\/wp-content\/uploads\/2024\/12\/Deans_Schokowolken-2.pdf\" class=\"wp-block-file__button wp-element-button\" download aria-describedby=\"wp-block-file--media-76d6385c-4abb-4a97-8017-fcef196df052\">Herunterladen<\/a><\/div>\n\n\n\n<p><strong>Der 1. Schulpodcast<\/strong><\/p>\n\n\n\n<figure class=\"wp-block-audio\"><audio controls src=\"https:\/\/www.tarnowschule.de\/blog\/wp-content\/uploads\/2024\/11\/Schulpodcast_Rudolf-Tarnow_Folge_1.mp3\"><\/audio><\/figure>\n\n\n\n<div data-wp-interactive=\"core\/file\" class=\"wp-block-file\"><object data-wp-bind--hidden=\"!state.hasPdfPreview\" hidden class=\"wp-block-file__embed\" data=\"https:\/\/www.tarnowschule.de\/blog\/wp-content\/uploads\/2024\/11\/Deans_Suppe.pdf\" type=\"application\/pdf\" style=\"width:100%;height:600px\" aria-label=\"Einbettung von Deans_Suppe.\"><\/object><a id=\"wp-block-file--media-da6e47cd-9b91-4793-b170-70b17ee7e6d8\" href=\"https:\/\/www.tarnowschule.de\/blog\/wp-content\/uploads\/2024\/11\/Deans_Suppe.pdf\">Deans_Suppe<\/a><a href=\"https:\/\/www.tarnowschule.de\/blog\/wp-content\/uploads\/2024\/11\/Deans_Suppe.pdf\" class=\"wp-block-file__button wp-element-button\" download aria-describedby=\"wp-block-file--media-da6e47cd-9b91-4793-b170-70b17ee7e6d8\">Herunterladen<\/a><\/div>\n\n\n\n<p><strong><mark style=\"background-color:var(--ast-global-color-4)\" class=\"has-inline-color has-ast-global-color-0-color\">2014\/2015<\/mark><\/strong><\/p>\n\n\n\n<p>Im Schuljahr 2014\/ 2015 erstellte die Klasse 4a eine 29seitige Abschlusszeitung. Diese enth\u00e4lt neben vielen gemeinsamen Erlebnissen und den dazugeh\u00f6rigen Fotos auch eine Vorstellung aller Sch\u00fclerinnen und Sch\u00fcler sowie der Klassenlehrerin der Klasse. Diese umfangreiche Arbeit wurde mit Hilfe des Elternrates f\u00fcr jedes Kind sowie die Klassenlehrerin als Erinnerung an die Grundschulzeit ausgedruckt und gebunden. Einen Ausschnitt dieser Arbeit kann man hier einsehen.<\/p>\n\n\n\n<div class=\"wp-block-file\"><a href=\"http:\/\/www.tarnowschule.de\/blog\/wp-content\/uploads\/2019\/08\/Abschlusszeitung-4a-Ausschnitte.pdf\">Abschlusszeitung-4a-Ausschnitte<\/a><a href=\"http:\/\/www.tarnowschule.de\/blog\/wp-content\/uploads\/2019\/08\/Abschlusszeitung-4a-Ausschnitte.pdf\" class=\"wp-block-file__button wp-element-button\" download>Herunterladen<\/a><\/div>\n\n\n\n<p><strong><mark style=\"background-color:var(--ast-global-color-4)\" class=\"has-inline-color has-ast-global-color-0-color\">2013\/20214<\/mark><\/strong><\/p>\n\n\n\n<p>In Zusammenarbeit mit dem <a aria-label=\"Medientrecker Neubrandenburg  (\u00f6ffnet in neuem Tab)\" href=\"https:\/\/medientrecker.de\/home\/index.html\" target=\"_blank\" rel=\"noreferrer noopener\">Medientrecker Neubrandenburg <\/a>erarbeiteten die Sch\u00fclerinnen und Sch\u00fcler aller 2. Klassen das <a aria-label=\"Audioprojekt &quot;Wie klingt unsere Schule?&quot; (\u00f6ffnet in neuem Tab)\" href=\"https:\/\/medientrecker.de\/projekte\/vollansicht\/1328-audioprojekt-wie-klingt-unsere-schule-an-der-grundschule-r-tarnow-in-rostock.html\" target=\"_blank\" rel=\"noreferrer noopener\">Audioprojekt &#8222;Wie klingt unsere Schule?&#8220;<\/a> Einen Teil der erarbeiteten Ergebnisse konnte man hier anh\u00f6ren sowie Fotos aus der Projektarbeit ansehen.<\/p>\n\n\n\n<p><strong><mark style=\"background-color:var(--ast-global-color-4)\" class=\"has-inline-color has-ast-global-color-0-color\">2011\/2012<\/mark><\/strong><\/p>\n\n\n\n<p>Alle Klassen bereiteten eigene Beitr\u00e4ge f\u00fcr unser Weihnachtsprogramm vor. Auch die Gitarrengruppe Diehn und der Chor beteiligten sich. Die Aufregung am Tag der Auff\u00fchrung war gro\u00df, denn nicht nur Eltern und alle Sch\u00fcler der schule waren da, sondern auch viel Technik. Mit zwei Kameras und Mikrofonen wurde das Programm aufgenommen. F\u00fcr die gute Unterst\u00fctzung bedanken wir uns bei Frau Dr. M\u00f6ller. Sie stellte uns auch die Technik zur Verf\u00fcgung. Bei diesem ersten Teil unseres Medienprojektes standen die Kinder nur vor der Kamera. Den Schnitt \u00fcbernahm eine Lehrerin. Im zweiten Teil drehten die Sch\u00fclerinnen und Schuler einen Film \u00fcber die Schule. Hierbei standen sie vor und hinter der Kamera, beteiligten sich an der Planung und Organisation, am Sichten und Schneiden einzelner Szenen. Schwierig war der korrekte Umgang mit dem Mikrofon, so dass der Ton beim Schneiden angepasst werden musste.<\/p>\n","protected":false},"excerpt":{"rendered":"<p>2024\/2025 Der 2. Schulpodcast Der 1. Schulpodcast 2014\/2015 Im Schuljahr 2014\/ 2015 erstellte die Klasse 4a eine 29seitige Abschlusszeitung. Diese enth\u00e4lt neben vielen gemeinsamen Erlebnissen und den dazugeh\u00f6rigen Fotos auch eine Vorstellung aller Sch\u00fclerinnen und Sch\u00fcler sowie der Klassenlehrerin der Klasse. Diese umfangreiche Arbeit wurde mit Hilfe des Elternrates f\u00fcr jedes Kind sowie die Klassenlehrerin [&hellip;]<\/p>\n","protected":false},"author":1,"featured_media":0,"parent":0,"menu_order":0,"comment_status":"closed","ping_status":"open","template":"","meta":{"site-sidebar-layout":"default","site-content-layout":"default","ast-site-content-layout":"default","site-content-style":"default","site-sidebar-style":"default","ast-global-header-display":"","ast-banner-title-visibility":"","ast-main-header-display":"","ast-hfb-above-header-display":"","ast-hfb-below-header-display":"","ast-hfb-mobile-header-display":"","site-post-title":"","ast-breadcrumbs-content":"","ast-featured-img":"","footer-sml-layout":"","ast-disable-related-posts":"","theme-transparent-header-meta":"default","adv-header-id-meta":"","stick-header-meta":"","header-above-stick-meta":"","header-main-stick-meta":"","header-below-stick-meta":"","astra-migrate-meta-layouts":"set","ast-page-background-enabled":"default","ast-page-background-meta":{"desktop":{"background-color":"","background-image":"","background-repeat":"repeat","background-position":"center center","background-size":"auto","background-attachment":"scroll","background-type":"","background-media":"","overlay-type":"","overlay-color":"","overlay-opacity":"","overlay-gradient":""},"tablet":{"background-color":"","background-image":"","background-repeat":"repeat","background-position":"center center","background-size":"auto","background-attachment":"scroll","background-type":"","background-media":"","overlay-type":"","overlay-color":"","overlay-opacity":"","overlay-gradient":""},"mobile":{"background-color":"","background-image":"","background-repeat":"repeat","background-position":"center center","background-size":"auto","background-attachment":"scroll","background-type":"","background-media":"","overlay-type":"","overlay-color":"","overlay-opacity":"","overlay-gradient":""}},"ast-content-background-meta":{"desktop":{"background-color":"var(--ast-global-color-5)","background-image":"","background-repeat":"repeat","background-position":"center center","background-size":"auto","background-attachment":"scroll","background-type":"","background-media":"","overlay-type":"","overlay-color":"","overlay-opacity":"","overlay-gradient":""},"tablet":{"background-color":"var(--ast-global-color-5)","background-image":"","background-repeat":"repeat","background-position":"center center","background-size":"auto","background-attachment":"scroll","background-type":"","background-media":"","overlay-type":"","overlay-color":"","overlay-opacity":"","overlay-gradient":""},"mobile":{"background-color":"var(--ast-global-color-5)","background-image":"","background-repeat":"repeat","background-position":"center center","background-size":"auto","background-attachment":"scroll","background-type":"","background-media":"","overlay-type":"","overlay-color":"","overlay-opacity":"","overlay-gradient":""}},"footnotes":""},"class_list":["post-694","page","type-page","status-publish","hentry"],"_links":{"self":[{"href":"http:\/\/www.tarnowschule.de\/blog\/wp-json\/wp\/v2\/pages\/694","targetHints":{"allow":["GET"]}}],"collection":[{"href":"http:\/\/www.tarnowschule.de\/blog\/wp-json\/wp\/v2\/pages"}],"about":[{"href":"http:\/\/www.tarnowschule.de\/blog\/wp-json\/wp\/v2\/types\/page"}],"author":[{"embeddable":true,"href":"http:\/\/www.tarnowschule.de\/blog\/wp-json\/wp\/v2\/users\/1"}],"replies":[{"embeddable":true,"href":"http:\/\/www.tarnowschule.de\/blog\/wp-json\/wp\/v2\/comments?post=694"}],"version-history":[{"count":27,"href":"http:\/\/www.tarnowschule.de\/blog\/wp-json\/wp\/v2\/pages\/694\/revisions"}],"predecessor-version":[{"id":5552,"href":"http:\/\/www.tarnowschule.de\/blog\/wp-json\/wp\/v2\/pages\/694\/revisions\/5552"}],"wp:attachment":[{"href":"http:\/\/www.tarnowschule.de\/blog\/wp-json\/wp\/v2\/media?parent=694"}],"curies":[{"name":"wp","href":"https:\/\/api.w.org\/{rel}","templated":true}]}}

<p><strong><mark style="background-color:var(--ast-global-color-4)" class="has-inline-color has-ast-global-color-0-color">2024/2025</mark></strong></p>



<p><strong>Der 2. Schulpodcast</strong></p>



<figure class="wp-block-audio"><audio controls src="http://www.tarnowschule.de/blog/wp-content/uploads/2024/12/Podcast_Weihnachten-2.mp3"></audio></figure>



<div data-wp-interactive="core/file" class="wp-block-file"><object data-wp-bind--hidden="!state.hasPdfPreview" hidden class="wp-block-file__embed" data="https://www.tarnowschule.de/blog/wp-content/uploads/2024/12/Deans_Schokowolken-2.pdf" type="application/pdf" style="width:100%;height:600px" aria-label="Einbettung von Deans_Schokowolken."></object><a id="wp-block-file--media-76d6385c-4abb-4a97-8017-fcef196df052" href="https://www.tarnowschule.de/blog/wp-content/uploads/2024/12/Deans_Schokowolken-2.pdf">Deans_Schokowolken</a><a href="https://www.tarnowschule.de/blog/wp-content/uploads/2024/12/Deans_Schokowolken-2.pdf" class="wp-block-file__button wp-element-button" download aria-describedby="wp-block-file--media-76d6385c-4abb-4a97-8017-fcef196df052">Herunterladen</a></div>



<p><strong>Der 1. Schulpodcast</strong></p>



<figure class="wp-block-audio"><audio controls src="https://www.tarnowschule.de/blog/wp-content/uploads/2024/11/Schulpodcast_Rudolf-Tarnow_Folge_1.mp3"></audio></figure>



<div data-wp-interactive="core/file" class="wp-block-file"><object data-wp-bind--hidden="!state.hasPdfPreview" hidden class="wp-block-file__embed" data="https://www.tarnowschule.de/blog/wp-content/uploads/2024/11/Deans_Suppe.pdf" type="application/pdf" style="width:100%;height:600px" aria-label="Einbettung von Deans_Suppe."></object><a id="wp-block-file--media-da6e47cd-9b91-4793-b170-70b17ee7e6d8" href="https://www.tarnowschule.de/blog/wp-content/uploads/2024/11/Deans_Suppe.pdf">Deans_Suppe</a><a href="https://www.tarnowschule.de/blog/wp-content/uploads/2024/11/Deans_Suppe.pdf" class="wp-block-file__button wp-element-button" download aria-describedby="wp-block-file--media-da6e47cd-9b91-4793-b170-70b17ee7e6d8">Herunterladen</a></div>



<p><strong><mark style="background-color:var(--ast-global-color-4)" class="has-inline-color has-ast-global-color-0-color">2014/2015</mark></strong></p>



<p>Im Schuljahr 2014/ 2015 erstellte die Klasse 4a eine 29seitige Abschlusszeitung. Diese enthält neben vielen gemeinsamen Erlebnissen und den dazugehörigen Fotos auch eine Vorstellung aller Schülerinnen und Schüler sowie der Klassenlehrerin der Klasse. Diese umfangreiche Arbeit wurde mit Hilfe des Elternrates für jedes Kind sowie die Klassenlehrerin als Erinnerung an die Grundschulzeit ausgedruckt und gebunden. Einen Ausschnitt dieser Arbeit kann man hier einsehen.</p>



<div class="wp-block-file"><a href="http://www.tarnowschule.de/blog/wp-content/uploads/2019/08/Abschlusszeitung-4a-Ausschnitte.pdf">Abschlusszeitung-4a-Ausschnitte</a><a href="http://www.tarnowschule.de/blog/wp-content/uploads/2019/08/Abschlusszeitung-4a-Ausschnitte.pdf" class="wp-block-file__button wp-element-button" download>Herunterladen</a></div>



<p><strong><mark style="background-color:var(--ast-global-color-4)" class="has-inline-color has-ast-global-color-0-color">2013/20214</mark></strong></p>



<p>In Zusammenarbeit mit dem <a aria-label="Medientrecker Neubrandenburg  (öffnet in neuem Tab)" href="https://medientrecker.de/home/index.html" target="_blank" rel="noreferrer noopener">Medientrecker Neubrandenburg </a>erarbeiteten die Schülerinnen und Schüler aller 2. Klassen das <a aria-label="Audioprojekt &quot;Wie klingt unsere Schule?&quot; (öffnet in neuem Tab)" href="https://medientrecker.de/projekte/vollansicht/1328-audioprojekt-wie-klingt-unsere-schule-an-der-grundschule-r-tarnow-in-rostock.html" target="_blank" rel="noreferrer noopener">Audioprojekt &#8222;Wie klingt unsere Schule?&#8220;</a> Einen Teil der erarbeiteten Ergebnisse konnte man hier anhören sowie Fotos aus der Projektarbeit ansehen.</p>



<p><strong><mark style="background-color:var(--ast-global-color-4)" class="has-inline-color has-ast-global-color-0-color">2011/2012</mark></strong></p>



<p>Alle Klassen bereiteten eigene Beiträge für unser Weihnachtsprogramm vor. Auch die Gitarrengruppe Diehn und der Chor beteiligten sich. Die Aufregung am Tag der Aufführung war groß, denn nicht nur Eltern und alle Schüler der schule waren da, sondern auch viel Technik. Mit zwei Kameras und Mikrofonen wurde das Programm aufgenommen. Für die gute Unterstützung bedanken wir uns bei Frau Dr. Möller. Sie stellte uns auch die Technik zur Verfügung. Bei diesem ersten Teil unseres Medienprojektes standen die Kinder nur vor der Kamera. Den Schnitt übernahm eine Lehrerin. Im zweiten Teil drehten die Schülerinnen und Schuler einen Film über die Schule. Hierbei standen sie vor und hinter der Kamera, beteiligten sich an der Planung und Organisation, am Sichten und Schneiden einzelner Szenen. Schwierig war der korrekte Umgang mit dem Mikrofon, so dass der Ton beim Schneiden angepasst werden musste.</p>

<p>2024/2025 Der 2. Schulpodcast Der 1. Schulpodcast 2014/2015 Im Schuljahr 2014/ 2015 erstellte die Klasse 4a eine 29seitige Abschlusszeitung. Diese enthält neben vielen gemeinsamen Erlebnissen und den dazugehörigen Fotos auch eine Vorstellung aller Schülerinnen und Schüler sowie der Klassenlehrerin der Klasse. Diese umfangreiche Arbeit wurde mit Hilfe des Elternrates für jedes Kind sowie die Klassenlehrerin [&hellip;]</p>
